{"id":133,"date":"2023-06-28T04:34:13","date_gmt":"2023-06-28T04:34:13","guid":{"rendered":"http:\/\/enconstruccion.co\/hero\/?page_id=133"},"modified":"2023-07-05T14:05:21","modified_gmt":"2023-07-05T14:05:21","slug":"mentorias-premium","status":"publish","type":"page","link":"https:\/\/enconstruccion.co\/hero\/mentorias-premium\/","title":{"rendered":"MENTOR\u00cdAS PREMIUM"},"content":{"rendered":"\t\t<div data-elementor-type=\"wp-page\" data-elementor-id=\"133\" class=\"elementor elementor-133\">\n\t\t\t\t\t\t\t\t\t<section class=\"elementor-section elementor-top-section elementor-element elementor-element-11fe3258 elementor-section-boxed elementor-section-height-default elementor-section-height-default\" data-id=\"11fe3258\" data-element_type=\"section\" data-settings=\"{&quot;ekit_has_onepagescroll_dot&quot;:&quot;yes&quot;}\">\n\t\t\t\t\t\t<div class=\"elementor-container elementor-column-gap-no\">\n\t\t\t\t\t<div class=\"elementor-column elementor-col-100 elementor-top-column elementor-element elementor-element-7a83ca7a\" data-id=\"7a83ca7a\" data-element_type=\"column\">\n\t\t\t<div class=\"elementor-widget-wrap elementor-element-populated\">\n\t\t\t\t\t\t\t\t<div class=\"elementor-element elementor-element-7e5622a1 elementor-widget elementor-widget-slider_revolution\" data-id=\"7e5622a1\" data-element_type=\"widget\" data-settings=\"{&quot;ekit_we_effect_on&quot;:&quot;none&quot;}\" data-widget_type=\"slider_revolution.default\">\n\t\t\t\t<div class=\"elementor-widget-container\">\n\t\t\t\n\t\t<div class=\"wp-block-themepunch-revslider\">\n\t\t\t<!-- START Slider 1 1 REVOLUTION SLIDER 6.6.11 --><p class=\"rs-p-wp-fix\"><\/p>\n\t\t\t<rs-module-wrap id=\"rev_slider_2_1_wrapper\" data-source=\"gallery\" style=\"visibility:hidden;background:transparent;padding:0;margin:0px auto;margin-top:0;margin-bottom:0;\">\n\t\t\t\t<rs-module id=\"rev_slider_2_1\" style=\"\" data-version=\"6.6.11\">\n\t\t\t\t\t<rs-slides style=\"overflow: hidden; position: absolute;\">\n\t\t\t\t\t\t<rs-slide style=\"position: absolute;\" data-key=\"rs-2\" data-title=\"Slide\" data-in=\"o:0;\" data-out=\"a:false;\">\n\t\t\t\t\t\t\t<img decoding=\"async\" src=\"\/\/enconstruccion.co\/hero\/wp-content\/plugins\/revslider\/public\/assets\/assets\/dummy.png\" alt=\"\" title=\"MENTOR\u00cdAS PREMIUM\" class=\"rev-slidebg tp-rs-img rs-lazyload\" data-lazyload=\"\/\/enconstruccion.co\/hero\/wp-content\/plugins\/revslider\/public\/assets\/assets\/transparent.png\" data-no-retina>\n\t\t\t\t\t\t\t<rs-bgvideo \n\t\t\t\t\t\t\t\tdata-video=\"vc:none;w:100%;h:100%;nse:false;l:true;ptimer:false;\"\n\t\t\t\t\t\t\t\tdata-ytid=\"vXpyJHACc9U\"\n\t\t\t\t\t\t\t\tdata-vatr=\"version=3&amp;enablejsapi=1&amp;html5=1&amp;hd=1&amp;wmode=opaque&amp;showinfo=0&amp;rel=0&amp;origin=https:\/\/enconstruccion.co;\"\n\t\t\t\t\t\t\t><\/rs-bgvideo>\n<!---->\t\t\t\t\t\t<\/rs-slide>\n\t\t\t\t\t<\/rs-slides>\n\t\t\t\t<\/rs-module>\n\t\t\t\t<script>\n\t\t\t\t\tsetREVStartSize({c: 'rev_slider_2_1',rl:[1240,1240,1240,480],el:[800,800,800,480],gw:[1900,1900,1900,480],gh:[800,800,800,480],type:'standard',justify:'',layout:'fullwidth',mh:\"0\"});if (window.RS_MODULES!==undefined && window.RS_MODULES.modules!==undefined && window.RS_MODULES.modules[\"revslider21\"]!==undefined) {window.RS_MODULES.modules[\"revslider21\"].once = false;window.revapi2 = undefined;if (window.RS_MODULES.checkMinimal!==undefined) window.RS_MODULES.checkMinimal()}\n\t\t\t\t<\/script>\n\t\t\t\t<script src=\"https:\/\/www.youtube.com\/iframe_api\"><\/script>\n\t\t\t<\/rs-module-wrap>\n\t\t\t<!-- END REVOLUTION SLIDER -->\n<\/div>\n\n\t\t\t\t<\/div>\n\t\t\t\t<\/div>\n\t\t\t\t\t<\/div>\n\t\t<\/div>\n\t\t\t\t\t\t\t<\/div>\n\t\t<\/section>\n\t\t\t\t<section class=\"elementor-section elementor-top-section elementor-element elementor-element-7b453e06 elementor-section-boxed elementor-section-height-default elementor-section-height-default\" data-id=\"7b453e06\" data-element_type=\"section\" data-settings=\"{&quot;background_background&quot;:&quot;classic&quot;,&quot;ekit_has_onepagescroll_dot&quot;:&quot;yes&quot;}\">\n\t\t\t\t\t\t<div class=\"elementor-container elementor-column-gap-default\">\n\t\t\t\t\t<div class=\"elementor-column elementor-col-100 elementor-top-column elementor-element elementor-element-19e6b837\" data-id=\"19e6b837\" data-element_type=\"column\">\n\t\t\t<div class=\"elementor-widget-wrap elementor-element-populated\">\n\t\t\t\t\t\t\t\t<div class=\"elementor-element elementor-element-568c75b8 elementor-widget elementor-widget-text-editor\" data-id=\"568c75b8\" data-element_type=\"widget\" data-settings=\"{&quot;ekit_we_effect_on&quot;:&quot;none&quot;}\" data-widget_type=\"text-editor.default\">\n\t\t\t\t<div class=\"elementor-widget-container\">\n\t\t\t<style>\/*! elementor - v3.11.2 - 22-02-2023 *\/\n.elementor-widget-text-editor.elementor-drop-cap-view-stacked .elementor-drop-cap{background-color:#818a91;color:#fff}.elementor-widget-text-editor.elementor-drop-cap-view-framed .elementor-drop-cap{color:#818a91;border:3px solid;background-color:transparent}.elementor-widget-text-editor:not(.elementor-drop-cap-view-default) .elementor-drop-cap{margin-top:8px}.elementor-widget-text-editor:not(.elementor-drop-cap-view-default) .elementor-drop-cap-letter{width:1em;height:1em}.elementor-widget-text-editor .elementor-drop-cap{float:left;text-align:center;line-height:1;font-size:50px}.elementor-widget-text-editor .elementor-drop-cap-letter{display:inline-block}<\/style>\t\t\t\t<p>Por primera vez el campe\u00f3n del Fitness de Espa\u00f1a compartir\u00e1 su m\u00e9todo anti envejecimiento. En un mes, a trav\u00e9s de varias sesiones, podr\u00e1s lograr resultados en tu cuerpo y mente como nunca antes hab\u00edas imaginado.<\/p>\t\t\t\t\t\t<\/div>\n\t\t\t\t<\/div>\n\t\t\t\t<div class=\"elementor-element elementor-element-503b58fe elementor-align-center popmake-356 elementor-widget elementor-widget-button\" data-id=\"503b58fe\" data-element_type=\"widget\" data-settings=\"{&quot;ekit_we_effect_on&quot;:&quot;none&quot;}\" data-widget_type=\"button.default\">\n\t\t\t\t<div class=\"elementor-widget-container\">\n\t\t\t\t\t<div class=\"elementor-button-wrapper\">\n\t\t\t<a href=\"#\" class=\"elementor-button-link elementor-button elementor-size-sm\" role=\"button\">\n\t\t\t\t\t\t<span class=\"elementor-button-content-wrapper\">\n\t\t\t\t\t\t<span class=\"elementor-button-text\">QUIERO EMPEZAR<\/span>\n\t\t<\/span>\n\t\t\t\t\t<\/a>\n\t\t<\/div>\n\t\t\t\t<\/div>\n\t\t\t\t<\/div>\n\t\t\t\t<section class=\"elementor-section elementor-inner-section elementor-element elementor-element-785fd7c0 elementor-section-boxed elementor-section-height-default elementor-section-height-default\" data-id=\"785fd7c0\" data-element_type=\"section\" data-settings=\"{&quot;ekit_has_onepagescroll_dot&quot;:&quot;yes&quot;}\">\n\t\t\t\t\t\t<div class=\"elementor-container elementor-column-gap-default\">\n\t\t\t\t\t<div class=\"elementor-column elementor-col-50 elementor-inner-column elementor-element elementor-element-187c60a\" data-id=\"187c60a\" data-element_type=\"column\">\n\t\t\t<div class=\"elementor-widget-wrap elementor-element-populated\">\n\t\t\t\t\t\t\t\t<div class=\"elementor-element elementor-element-38d5da44 elementor-widget elementor-widget-text-editor\" data-id=\"38d5da44\" data-element_type=\"widget\" data-settings=\"{&quot;ekit_we_effect_on&quot;:&quot;none&quot;}\" data-widget_type=\"text-editor.default\">\n\t\t\t\t<div class=\"elementor-widget-container\">\n\t\t\t\t\t\t\t<p>Mario Hervas, InfluenSer espa\u00f1ol con casi 5 millones de seguidores, ha desarrollado el C\u00f3digo Mental del H\u00e9roe, un m\u00e9todo que transformar\u00e1 tu bienestar a trav\u00e9s de patrones y herramientas para potenciar tu cuerpo, tu mente y tu esp\u00edritu, y poder dar lo m\u00e1ximo de t\u00ed en tu vida cotidiana.<br \/><br \/>Mario Herv\u00e1s, creador del C\u00f3digo Mental del H\u00e9roe, fu\u00e9 el 1o Mr. Olympia Europeo y el 1o campe\u00f3n de Espa\u00f1a Men&#8217;s Physique. Ha sido actor, modelo, presentador y coach terap\u00e9utico, mental y f\u00edsico. Estudi\u00f3 aeron\u00e1utica, aviaci\u00f3n, m\u00fasica, coaching f\u00edsico y espiritual, adem\u00e1s de astrolog\u00eda y otras ciencias ocultas. Sus hobbies son la lectura, deportes de todo tipo y la conexi\u00f3n con el alma y la naturaleza.<\/p>\t\t\t\t\t\t<\/div>\n\t\t\t\t<\/div>\n\t\t\t\t<div class=\"elementor-element elementor-element-d7b152e elementor-align-left popmake-356 elementor-widget elementor-widget-button\" data-id=\"d7b152e\" data-element_type=\"widget\" data-settings=\"{&quot;ekit_we_effect_on&quot;:&quot;none&quot;}\" data-widget_type=\"button.default\">\n\t\t\t\t<div class=\"elementor-widget-container\">\n\t\t\t\t\t<div class=\"elementor-button-wrapper\">\n\t\t\t<a href=\"#\" class=\"elementor-button-link elementor-button elementor-size-sm\" role=\"button\">\n\t\t\t\t\t\t<span class=\"elementor-button-content-wrapper\">\n\t\t\t\t\t\t<span class=\"elementor-button-text\">QUIERO UNA MENTOR\u00cdA PREMIUM<\/span>\n\t\t<\/span>\n\t\t\t\t\t<\/a>\n\t\t<\/div>\n\t\t\t\t<\/div>\n\t\t\t\t<\/div>\n\t\t\t\t\t<\/div>\n\t\t<\/div>\n\t\t\t\t<div class=\"elementor-column elementor-col-50 elementor-inner-column elementor-element elementor-element-36911b4a\" data-id=\"36911b4a\" data-element_type=\"column\">\n\t\t\t<div class=\"elementor-widget-wrap elementor-element-populated\">\n\t\t\t\t\t\t\t\t<div class=\"elementor-element elementor-element-9ae7349 elementor-widget elementor-widget-image\" data-id=\"9ae7349\" data-element_type=\"widget\" data-settings=\"{&quot;ekit_we_effect_on&quot;:&quot;none&quot;}\" data-widget_type=\"image.default\">\n\t\t\t\t<div class=\"elementor-widget-container\">\n\t\t\t<style>\/*! elementor - v3.11.2 - 22-02-2023 *\/\n.elementor-widget-image{text-align:center}.elementor-widget-image a{display:inline-block}.elementor-widget-image a img[src$=\".svg\"]{width:48px}.elementor-widget-image img{vertical-align:middle;display:inline-block}<\/style>\t\t\t\t\t\t\t\t\t\t\t\t<img loading=\"lazy\" decoding=\"async\" width=\"645\" height=\"539\" src=\"https:\/\/enconstruccion.co\/hero\/wp-content\/uploads\/2023\/07\/Img01.png\" class=\"attachment-large size-large wp-image-343\" alt=\"\" srcset=\"https:\/\/enconstruccion.co\/hero\/wp-content\/uploads\/2023\/07\/Img01.png 645w, https:\/\/enconstruccion.co\/hero\/wp-content\/uploads\/2023\/07\/Img01-300x251.png 300w\" sizes=\"auto, (max-width: 645px) 100vw, 645px\" \/>\t\t\t\t\t\t\t\t\t\t\t\t\t\t\t<\/div>\n\t\t\t\t<\/div>\n\t\t\t\t\t<\/div>\n\t\t<\/div>\n\t\t\t\t\t\t\t<\/div>\n\t\t<\/section>\n\t\t\t\t\t<\/div>\n\t\t<\/div>\n\t\t\t\t\t\t\t<\/div>\n\t\t<\/section>\n\t\t\t\t<section class=\"elementor-section elementor-top-section elementor-element elementor-element-4e94dcc elementor-section-boxed elementor-section-height-default elementor-section-height-default\" data-id=\"4e94dcc\" data-element_type=\"section\" data-settings=\"{&quot;background_background&quot;:&quot;classic&quot;,&quot;ekit_has_onepagescroll_dot&quot;:&quot;yes&quot;}\">\n\t\t\t\t\t\t<div class=\"elementor-container elementor-column-gap-default\">\n\t\t\t\t\t<div class=\"elementor-column elementor-col-100 elementor-top-column elementor-element elementor-element-93c232c\" data-id=\"93c232c\" data-element_type=\"column\">\n\t\t\t<div class=\"elementor-widget-wrap elementor-element-populated\">\n\t\t\t\t\t\t\t\t<div class=\"elementor-element elementor-element-09f54cf elementor-widget elementor-widget-text-editor\" data-id=\"09f54cf\" data-element_type=\"widget\" data-settings=\"{&quot;ekit_we_effect_on&quot;:&quot;none&quot;}\" data-widget_type=\"text-editor.default\">\n\t\t\t\t<div class=\"elementor-widget-container\">\n\t\t\t\t\t\t\tHe dise\u00f1ado espec\u00edficamente para ti las herramientas que te permitan explorar tus pensamientos, emociones, creencias, identificando los bloqueos que te impiden alcanzar tus metas y as\u00ed poder generar un plan de acci\u00f3n para potenciar tus fortalezas, desarrollar nuevas habilidades y transformar tu vida de una manera significativa y duradera, da el primer paso y d\u00e9jame ense\u00f1arte c\u00f3mo hacerlo.<br><br>Esta mentor\u00eda incluye seguimiento astral: (Tr\u00e1nsitos + carta Astral); Asesor\u00eda Nutricional: (Plan alimentario) y Asesor\u00eda F\u00edsica (entrenemos juntos)\t\t\t\t\t\t<\/div>\n\t\t\t\t<\/div>\n\t\t\t\t\t<\/div>\n\t\t<\/div>\n\t\t\t\t\t\t\t<\/div>\n\t\t<\/section>\n\t\t\t\t<section class=\"elementor-section elementor-top-section elementor-element elementor-element-002aae8 elementor-section-boxed elementor-section-height-default elementor-section-height-default\" data-id=\"002aae8\" data-element_type=\"section\" data-settings=\"{&quot;background_background&quot;:&quot;classic&quot;,&quot;ekit_has_onepagescroll_dot&quot;:&quot;yes&quot;}\">\n\t\t\t\t\t\t<div class=\"elementor-container elementor-column-gap-default\">\n\t\t\t\t\t<div class=\"elementor-column elementor-col-50 elementor-top-column elementor-element elementor-element-2582787\" data-id=\"2582787\" data-element_type=\"column\">\n\t\t\t<div class=\"elementor-widget-wrap elementor-element-populated\">\n\t\t\t\t\t\t\t\t<div class=\"elementor-element elementor-element-04b15b7 elementor-widget elementor-widget-image\" data-id=\"04b15b7\" data-element_type=\"widget\" data-settings=\"{&quot;ekit_we_effect_on&quot;:&quot;none&quot;}\" data-widget_type=\"image.default\">\n\t\t\t\t<div class=\"elementor-widget-container\">\n\t\t\t\t\t\t\t\t\t\t\t\t\t\t\t<img loading=\"lazy\" decoding=\"async\" width=\"623\" height=\"631\" src=\"https:\/\/enconstruccion.co\/hero\/wp-content\/uploads\/2023\/06\/Foto-La-mentoria-premium-es-para-ti.png\" class=\"attachment-large size-large wp-image-272\" alt=\"\" srcset=\"https:\/\/enconstruccion.co\/hero\/wp-content\/uploads\/2023\/06\/Foto-La-mentoria-premium-es-para-ti.png 623w, https:\/\/enconstruccion.co\/hero\/wp-content\/uploads\/2023\/06\/Foto-La-mentoria-premium-es-para-ti-296x300.png 296w\" sizes=\"auto, (max-width: 623px) 100vw, 623px\" \/>\t\t\t\t\t\t\t\t\t\t\t\t\t\t\t<\/div>\n\t\t\t\t<\/div>\n\t\t\t\t\t<\/div>\n\t\t<\/div>\n\t\t\t\t<div class=\"elementor-column elementor-col-50 elementor-top-column elementor-element elementor-element-c82a622\" data-id=\"c82a622\" data-element_type=\"column\">\n\t\t\t<div class=\"elementor-widget-wrap elementor-element-populated\">\n\t\t\t\t\t\t\t\t<div class=\"elementor-element elementor-element-2b5d184 elementor-widget elementor-widget-text-editor\" data-id=\"2b5d184\" data-element_type=\"widget\" data-settings=\"{&quot;ekit_we_effect_on&quot;:&quot;none&quot;}\" data-widget_type=\"text-editor.default\">\n\t\t\t\t<div class=\"elementor-widget-container\">\n\t\t\t\t\t\t\t<p>\u00bfPOR QU\u00c9 APLICAR EL C\u00d3DIGO MENTAL DEL H\u00c9ROE?<\/p>\t\t\t\t\t\t<\/div>\n\t\t\t\t<\/div>\n\t\t\t\t<div class=\"elementor-element elementor-element-02db29a elementor-widget elementor-widget-text-editor\" data-id=\"02db29a\" data-element_type=\"widget\" data-settings=\"{&quot;ekit_we_effect_on&quot;:&quot;none&quot;}\" data-widget_type=\"text-editor.default\">\n\t\t\t\t<div class=\"elementor-widget-container\">\n\t\t\t\t\t\t\t<p>&#8211; Quieres saber cu\u00e1l es la alimentaci\u00f3n m\u00e1s adecuada para t\u00ed.<br \/>&#8211; Est\u00e1s buscando el Prop\u00f3sito de tu vida<br \/>&#8211; Quieres tener m\u00e1s claridad mental y aprender a enfocar y a optimizar tu m\u00e1ximo potencial.<br \/>&#8211; Si est\u00e1s en b\u00fasqueda de nuevos h\u00e1bitos y cambiar tu vida a trav\u00e9s del fortalecimiento del Cuerpo, la Mente y el Esp\u00edritu.<br \/>&#8211; Quieres incrementar y potenciar tu capital erotico.<br \/>&#8211; Quieres pasar al siguiente nivel, alcanzado tu m\u00e1ximo potencial en el Dinero y poder.<br \/>&#8211; Quieres mejorar tu salud y prevenir el envejecimiento.<br \/>&#8211; Quieres conocer a personas que se encuentren en el mismo camino que tu.<br \/>&#8211; Si eres empresario, ejecutivo, deportista, padre, madre, coach, terapeuta, modelo, influencer.<\/p>\t\t\t\t\t\t<\/div>\n\t\t\t\t<\/div>\n\t\t\t\t\t<\/div>\n\t\t<\/div>\n\t\t\t\t\t\t\t<\/div>\n\t\t<\/section>\n\t\t\t\t<section class=\"elementor-section elementor-top-section elementor-element elementor-element-07fdb66 elementor-section-boxed elementor-section-height-default elementor-section-height-default\" data-id=\"07fdb66\" data-element_type=\"section\" data-settings=\"{&quot;background_background&quot;:&quot;classic&quot;,&quot;ekit_has_onepagescroll_dot&quot;:&quot;yes&quot;}\">\n\t\t\t\t\t\t<div class=\"elementor-container elementor-column-gap-default\">\n\t\t\t\t\t<div class=\"elementor-column elementor-col-100 elementor-top-column elementor-element elementor-element-9adc004\" data-id=\"9adc004\" data-element_type=\"column\">\n\t\t\t<div class=\"elementor-widget-wrap elementor-element-populated\">\n\t\t\t\t\t\t\t\t<div class=\"elementor-element elementor-element-ce7ee95 elementor-widget elementor-widget-text-editor\" data-id=\"ce7ee95\" data-element_type=\"widget\" data-settings=\"{&quot;ekit_we_effect_on&quot;:&quot;none&quot;}\" data-widget_type=\"text-editor.default\">\n\t\t\t\t<div class=\"elementor-widget-container\">\n\t\t\t\t\t\t\t<p>ASESOR\u00cdA PRESENCIAL 999 EUROS<\/p>\t\t\t\t\t\t<\/div>\n\t\t\t\t<\/div>\n\t\t\t\t<div class=\"elementor-element elementor-element-257e930 elementor-widget elementor-widget-text-editor\" data-id=\"257e930\" data-element_type=\"widget\" data-settings=\"{&quot;ekit_we_effect_on&quot;:&quot;none&quot;}\" data-widget_type=\"text-editor.default\">\n\t\t\t\t<div class=\"elementor-widget-container\">\n\t\t\t\t\t\t\t<p>DURACI\u00d3N: 3 sesiones (1 v\u00eda zoom, dos presenciales)<\/p>\t\t\t\t\t\t<\/div>\n\t\t\t\t<\/div>\n\t\t\t\t<section class=\"elementor-section elementor-inner-section elementor-element elementor-element-f9f19fd elementor-section-boxed elementor-section-height-default elementor-section-height-default\" data-id=\"f9f19fd\" data-element_type=\"section\" data-settings=\"{&quot;ekit_has_onepagescroll_dot&quot;:&quot;yes&quot;}\">\n\t\t\t\t\t\t<div class=\"elementor-container elementor-column-gap-default\">\n\t\t\t\t\t<div class=\"elementor-column elementor-col-33 elementor-inner-column elementor-element elementor-element-952de81\" data-id=\"952de81\" data-element_type=\"column\">\n\t\t\t<div class=\"elementor-widget-wrap elementor-element-populated\">\n\t\t\t\t\t\t\t\t<div class=\"elementor-element elementor-element-f248d66 elementor-widget elementor-widget-heading\" data-id=\"f248d66\" data-element_type=\"widget\" data-settings=\"{&quot;ekit_we_effect_on&quot;:&quot;none&quot;}\" data-widget_type=\"heading.default\">\n\t\t\t\t<div class=\"elementor-widget-container\">\n\t\t\t<style>\/*! elementor - v3.11.2 - 22-02-2023 *\/\n.elementor-heading-title{padding:0;margin:0;line-height:1}.elementor-widget-heading .elementor-heading-title[class*=elementor-size-]>a{color:inherit;font-size:inherit;line-height:inherit}.elementor-widget-heading .elementor-heading-title.elementor-size-small{font-size:15px}.elementor-widget-heading .elementor-heading-title.elementor-size-medium{font-size:19px}.elementor-widget-heading .elementor-heading-title.elementor-size-large{font-size:29px}.elementor-widget-heading .elementor-heading-title.elementor-size-xl{font-size:39px}.elementor-widget-heading .elementor-heading-title.elementor-size-xxl{font-size:59px}<\/style><h2 class=\"elementor-heading-title elementor-size-default\">SESI\u00d3N 1 ONLINE\nEntre 40 y 90 minutos<\/h2>\t\t<\/div>\n\t\t\t\t<\/div>\n\t\t\t\t<div class=\"elementor-element elementor-element-7b069d0 elementor-widget elementor-widget-text-editor\" data-id=\"7b069d0\" data-element_type=\"widget\" data-settings=\"{&quot;ekit_we_effect_on&quot;:&quot;none&quot;}\" data-widget_type=\"text-editor.default\">\n\t\t\t\t<div class=\"elementor-widget-container\">\n\t\t\t\t\t\t\t<p>Reconocimiento de patrones y objetivos<\/p><p>&#8211; H\u00e1bitos alimenticios, deportivos, estados emocionales (relaciones familiares, sentimentales y laborales)<br \/>&#8211; Metas y objetivos, patolog\u00edas y \u00faltimas anal\u00edticas.<br \/>&#8211; Intolerancias alimenticias.<br \/>&#8211; Establecimiento de fechas y horarios para cada 15 d\u00edas<\/p>\t\t\t\t\t\t<\/div>\n\t\t\t\t<\/div>\n\t\t\t\t\t<\/div>\n\t\t<\/div>\n\t\t\t\t<div class=\"elementor-column elementor-col-33 elementor-inner-column elementor-element elementor-element-462b656\" data-id=\"462b656\" data-element_type=\"column\">\n\t\t\t<div class=\"elementor-widget-wrap elementor-element-populated\">\n\t\t\t\t\t\t\t\t<div class=\"elementor-element elementor-element-dbdf5ea elementor-widget elementor-widget-heading\" data-id=\"dbdf5ea\" data-element_type=\"widget\" data-settings=\"{&quot;ekit_we_effect_on&quot;:&quot;none&quot;}\" data-widget_type=\"heading.default\">\n\t\t\t\t<div class=\"elementor-widget-container\">\n\t\t\t<h2 class=\"elementor-heading-title elementor-size-default\">SESI\u00d3N 2 PRESENCIAL\n3 horas m\u00e1ximo<\/h2>\t\t<\/div>\n\t\t\t\t<\/div>\n\t\t\t\t<div class=\"elementor-element elementor-element-255b8f5 elementor-widget elementor-widget-text-editor\" data-id=\"255b8f5\" data-element_type=\"widget\" data-settings=\"{&quot;ekit_we_effect_on&quot;:&quot;none&quot;}\" data-widget_type=\"text-editor.default\">\n\t\t\t\t<div class=\"elementor-widget-container\">\n\t\t\t\t\t\t\t<p>&#8211; Entrega y desarrollo de carta astral (tr\u00e1nsitos 15 d\u00edas)<br \/>&#8211; Meditaci\u00f3n y reseteo.<br \/>&#8211; Entrenamiento de alto impacto con Mario Herv\u00e1s<br \/>&#8211; Explicaci\u00f3n de la tabla de entrenamiento a realizar en los pr\u00f3ximos 15 d\u00edas.<br \/>&#8211; Desayuno y concienciaci\u00f3n alimenticia. (+ explicaci\u00f3n de la nutrici\u00f3n de los pr\u00f3ximos 15 d\u00edas).<br \/>&#8211; Cuestionario (preguntas) y carta de tarot.<br \/>&#8211; Seguimiento constante y personalizada v\u00eda directa-WhatsApp.<\/p>\t\t\t\t\t\t<\/div>\n\t\t\t\t<\/div>\n\t\t\t\t\t<\/div>\n\t\t<\/div>\n\t\t\t\t<div class=\"elementor-column elementor-col-33 elementor-inner-column elementor-element elementor-element-4de8333\" data-id=\"4de8333\" data-element_type=\"column\">\n\t\t\t<div class=\"elementor-widget-wrap elementor-element-populated\">\n\t\t\t\t\t\t\t\t<div class=\"elementor-element elementor-element-795a1d6 elementor-widget elementor-widget-heading\" data-id=\"795a1d6\" data-element_type=\"widget\" data-settings=\"{&quot;ekit_we_effect_on&quot;:&quot;none&quot;}\" data-widget_type=\"heading.default\">\n\t\t\t\t<div class=\"elementor-widget-container\">\n\t\t\t<h2 class=\"elementor-heading-title elementor-size-default\">SESI\u00d3N 1 ONLINE\nEntre 40 y 90 minutos<\/h2>\t\t<\/div>\n\t\t\t\t<\/div>\n\t\t\t\t<div class=\"elementor-element elementor-element-cbc0c9b elementor-widget elementor-widget-text-editor\" data-id=\"cbc0c9b\" data-element_type=\"widget\" data-settings=\"{&quot;ekit_we_effect_on&quot;:&quot;none&quot;}\" data-widget_type=\"text-editor.default\">\n\t\t\t\t<div class=\"elementor-widget-container\">\n\t\t\t\t\t\t\t<p>&#8211; Evaluaci\u00f3n del proceso hasta el momento y diagn\u00f3stico para plan de trabajo.<br \/>&#8211; Enfoque en la salud de acuerdo a tu carta astral y nuevos tr\u00e1nsitos para los pr\u00f3ximos 15 d\u00edas.<br \/>&#8211; Meditaci\u00f3n, reseteo y limpieza energ\u00e9tica.<br \/>&#8211; Entrenamiento y explicaci\u00f3n de nuevo protocolo los pr\u00f3ximos 15 d\u00edas.<br \/>&#8211; Desayuno y entrega del nuevo protocolo alimenticio los pr\u00f3ximos 15 d\u00edas.<br \/>&#8211; Cuadernillo ejercicio de crecimiento personal + tarots terap\u00e9uticos.<\/p>\t\t\t\t\t\t<\/div>\n\t\t\t\t<\/div>\n\t\t\t\t\t<\/div>\n\t\t<\/div>\n\t\t\t\t\t\t\t<\/div>\n\t\t<\/section>\n\t\t\t\t\t<\/div>\n\t\t<\/div>\n\t\t\t\t\t\t\t<\/div>\n\t\t<\/section>\n\t\t\t\t<section class=\"elementor-section elementor-top-section elementor-element elementor-element-5cadad0 elementor-section-boxed elementor-section-height-default elementor-section-height-default\" data-id=\"5cadad0\" data-element_type=\"section\" data-settings=\"{&quot;background_background&quot;:&quot;classic&quot;,&quot;ekit_has_onepagescroll_dot&quot;:&quot;yes&quot;}\">\n\t\t\t\t\t\t<div class=\"elementor-container elementor-column-gap-default\">\n\t\t\t\t\t<div class=\"elementor-column elementor-col-100 elementor-top-column elementor-element elementor-element-7fd2f88\" data-id=\"7fd2f88\" data-element_type=\"column\">\n\t\t\t<div class=\"elementor-widget-wrap elementor-element-populated\">\n\t\t\t\t\t\t\t\t<div class=\"elementor-element elementor-element-324bf07 elementor-align-center popmake-356 elementor-widget elementor-widget-button\" data-id=\"324bf07\" data-element_type=\"widget\" data-settings=\"{&quot;ekit_we_effect_on&quot;:&quot;none&quot;}\" data-widget_type=\"button.default\">\n\t\t\t\t<div class=\"elementor-widget-container\">\n\t\t\t\t\t<div class=\"elementor-button-wrapper\">\n\t\t\t<a href=\"#\" class=\"elementor-button-link elementor-button elementor-size-sm\" role=\"button\">\n\t\t\t\t\t\t<span class=\"elementor-button-content-wrapper\">\n\t\t\t\t\t\t<span class=\"elementor-button-text\">QUIERO SABER COMO LO HIZO MARIO HERVAS<\/span>\n\t\t<\/span>\n\t\t\t\t\t<\/a>\n\t\t<\/div>\n\t\t\t\t<\/div>\n\t\t\t\t<\/div>\n\t\t\t\t\t<\/div>\n\t\t<\/div>\n\t\t\t\t\t\t\t<\/div>\n\t\t<\/section>\n\t\t\t\t\t\t\t<\/div>\n\t\t","protected":false},"excerpt":{"rendered":"<p>Por primera vez el campe\u00f3n del Fitness de Espa\u00f1a compartir\u00e1 su m\u00e9todo anti envejecimiento. En un mes, a trav\u00e9s de varias sesiones, podr\u00e1s lograr resultados en tu cuerpo y mente como nunca antes hab\u00edas imaginado. QUIERO EMPEZAR Mario Hervas, InfluenSer espa\u00f1ol con casi 5 millones de seguidores, ha desarrollado el C\u00f3digo Mental del H\u00e9roe, un &hellip;<\/p>\n<p class=\"read-more\"> <a class=\"\" href=\"https:\/\/enconstruccion.co\/hero\/mentorias-premium\/\"> <span class=\"screen-reader-text\">MENTOR\u00cdAS PREMIUM<\/span> Read More &raquo;<\/a><\/p>\n","protected":false},"author":1,"featured_media":0,"parent":0,"menu_order":0,"comment_status":"closed","ping_status":"closed","template":"","meta":{"site-sidebar-layout":"no-sidebar","site-content-layout":"page-builder","ast-global-header-display":"","ast-banner-title-visibility":"","ast-main-header-display":"","ast-hfb-above-header-display":"","ast-hfb-below-header-display":"","ast-hfb-mobile-header-display":"","site-post-title":"disabled","ast-breadcrumbs-content":"","ast-featured-img":"disabled","footer-sml-layout":"","theme-transparent-header-meta":"","adv-header-id-meta":"","stick-header-meta":"","header-above-stick-meta":"","header-main-stick-meta":"","header-below-stick-meta":"","footnotes":""},"class_list":["post-133","page","type-page","status-publish","hentry"],"_links":{"self":[{"href":"https:\/\/enconstruccion.co\/hero\/wp-json\/wp\/v2\/pages\/133","targetHints":{"allow":["GET"]}}],"collection":[{"href":"https:\/\/enconstruccion.co\/hero\/wp-json\/wp\/v2\/pages"}],"about":[{"href":"https:\/\/enconstruccion.co\/hero\/wp-json\/wp\/v2\/types\/page"}],"author":[{"embeddable":true,"href":"https:\/\/enconstruccion.co\/hero\/wp-json\/wp\/v2\/users\/1"}],"replies":[{"embeddable":true,"href":"https:\/\/enconstruccion.co\/hero\/wp-json\/wp\/v2\/comments?post=133"}],"version-history":[{"count":13,"href":"https:\/\/enconstruccion.co\/hero\/wp-json\/wp\/v2\/pages\/133\/revisions"}],"predecessor-version":[{"id":370,"href":"https:\/\/enconstruccion.co\/hero\/wp-json\/wp\/v2\/pages\/133\/revisions\/370"}],"wp:attachment":[{"href":"https:\/\/enconstruccion.co\/hero\/wp-json\/wp\/v2\/media?parent=133"}],"curies":[{"name":"wp","href":"https:\/\/api.w.org\/{rel}","templated":true}]}}